 c(-3)?
17
Let r(q) = 498*q - 3486. Determine r(7).
0
Let s(r) = -7*r - 72. Give s(-4).
-44
Let u(s) = -s**2 - 24*s + 8. Calculate u(-17).
127
Let y(a) = 222*a**2 + 1130*a - 14. Give y(-5).
-114
Let x(s) = 118*s - 204. Calculate x(2).
32
Let w(s) = s**3 + 10*s**2 + 11*s + 48. Calculate w(-8).
88
Let b(h) = h**3 + 4*h**2 - 7*h - 14. Calculate b(-4).
14
Let k(i) = 2038*i + 28536. What is k(-14)?
4
Let l(v) = v**3 - 5*v**2 - 2*v - 4. Give l(4).
-28
Let o(u) = -6*u**3 - 300*u**2 - 2*u - 116. Give o(-50).
-16
Let i(t) = 1800*t - 207005. Give i(115).
-5
Let p(l) = l**3 + 110*l**2 + 820*l + 427. What is p(-102)?
19
Let s(i) = i**3 + 47*i**2 + 130*i - 137. Calculate s(-44).
-49
Let a(h) = 56*h**2 - 946*h - 40. What is a(17)?
62
Let s(m) = -m**3 - 16*m**2 - 19*m + 24. What is s(-14)?
-102
Let r(w) = 16*w - 981. What is r(61)?
-5
Let c(n) = -77*n + 6755. Determine c(88).
-21
Let i(c) = -29*c**3 - 90*c**2 + c - 11. What is i(-3)?
-41
Let j(m) = -367*m - 2215. What is j(-6)?
-13
Let f(y) = -2*y**3 - 21*y**2 + 305*y - 6. Give f(9).
-420
Let d(i) = 249*i + 3485. What is d(-14)?
-1
Let t(n) = -4*n**2 + 30*n - 78. Give t(3).
-24
Let j(s) = 236*s - 2613. What is j(11)?
-17
Let t(u) = u**3 + 19*u**2 - 71*u + 534. Calculate t(-23).
51
Let x(c) = -3*c**3 - 38*c**2 + 22*c + 124. Determine x(-13).
7
Let w(r) = -5*r**3 - 9*r**2 - r + 4. Give w(3).
-215
Let k(c) = 33*c**2 + 140*c - 357. Calculate k(-6).
-9
Let m(b) = -199*b - 6556. Give m(-33).
11
Let u(d) = -515*d - 22160. Give u(-43).
-15
Let q(j) = -j**3 - 4*j**2 - 12*j - 72. Calculate q(-4).
-24
Let i(l) = -l**2 - 159*l + 2250. What is i(13)?
14
Let m(x) = 20*x**2 - 95*x - 310. Calculate m(7).
5
Let o(l) = -l**3 - 16*l**2 - 21*l - 11. What is o(-14)?
-109
Let t(h) = h**2 - 3*h - 31. Give t(13).
99
Let j(r) = r**2 + 24*r - 52. Give j(-20).
-132
Let g(n) = 3*n**2 - 10*n - 164. Give g(10).
36
Let n(y) = -5*y**3 + 4*y**2 - 39*y + 118. What is n(3)?
-98
Let z(d) = d**2 + 1680*d - 18601. Determine z(11).
0
Let l(v) = v**2 + 24*v - 99. Determine l(-28).
13
Let d(y) = 3*y**2 + 6*y - 311. Calculate d(9).
-14
Let b(v) = 12*v**3 - v**2 + 16*v + 87. Calculate b(0).
87
Let c(k) = k**2 - 3*k - 591. Calculate c(26).
7
Let y(s) = -5*s**3 + 29*s**2 - 21*s - 3. Give y(5).
-8
Let b(g) = 44*g**2 - 314*g + 45. Determine b(7).
3
Let j(l) = -119*l - 603. Calculate j(-5).
-8
Let l(h) = 2*h**2 - 20*h - 750. Determine l(-15).
0
Let g(p) = -14*p - 217. Calculate g(-21).
77
Let s(q) = q**3 - 9*q**2 + 22*q - 20. Give s(5).
-10
Let j(v) = 2635*v - 63235. Give j(24).
5
Let b(g) = 48*g - 170. Determine b(6).
118
Let d(f) = 4*f - 380. What is d(88)?
-28
Let y(o) = -60*o - 492. What is y(-8)?
-12
Let l(f) = 151*f**2 + f + 3. What is l(1)?
155
Let v(a) = -13*a**2 - 59*a + 120. What is v(-6)?
6
Let s(p) = 6*p**3 - 54*p**2 - p + 13. What is s(9)?
4
Let u(t) = -14*t - 136. What is u(-10)?
4
Let o(m) = -6*m**2 + 102*m - 14. Calculate o(17).
-14
Let a(m) = -m**3 + 16*m**2 - 11*m + 80. What is a(16)?
-96
Let k(c) = 109*c + 9. Give k(1).
118
Let p(i) = i + 885. What is p(7)?
892
Let v(b) = -558*b - 32363. What is v(-58)?
1
Let m(f) = -4*f - 546. Determine m(-136).
-2
Let b(s) = -s**2 + 2*s + 86437. What is b(-293)?
2
Let v(n) = 88*n**2 - n + 2. Give v(-1).
91
Let r(l) = 17*l**2 + 164*l + 134. Calculate r(-9).
35
Let v(m) = 2*m**3 - 301*m**2 + 450*m - 465. What is v(149)?
-18
Let q(a) = -6*a**2 - 80*a - 389. Give q(-7).
-123
Let v(s) = s**3 - 18*s**2 - 88*s + 8. Give v(22).
8
Let d(z) = -z**3 - 30*z**2 - 56*z - 69. Determine d(-28).
-69
Let z(s) = -s**2 + 1167*s + 29812. Determine z(-25).
12
Let y(f) = f**3 + 48*f**2 - 41*f + 317. Determine y(-49).
-75
Let p(l) = -4*l**2 + 28*l - 132. Determine p(5).
-92
Let t(c) = c**3 + 7*c**2 + 7*c + 70. Calculate t(-7).
21
Let o(c) = -103*c - 520. Determine o(-5).
-5
Let x(o) = o**3 - 421*o**2 + 370*o + 20994. What is x(420)?
-6
Let q(v) = -v**3 + 23*v**2 - 76*v - 37. Determine q(19).
-37
Let t(u) = -38*u**2 + 311*u - 11. Give t(8).
45
Let j(h) = h**3 - 13*h**2 - 5*h + 78. What is j(13)?
13
Let d(o) = -372*o + 22319. What is d(60)?
-1
Let n(o) = 2*o**2 + 41*o + 91. Give n(-17).
-28
Let m(p) = 3*p**2 + 3*p + 6. Give m(2).
24
Let w(m) = -486*m + 1964. Give w(4).
20
Let z(i) = -i**2 - 196*i - 2422. Give z(-13).
-43
Let g(f) = -2*f**2 - 1461*f - 2920. Determine g(-2).
-6
Let o(r) = -10*r**2 - 148*r + 18. What is o(-14)?
130
Let a(y) = -88*y - 1156. Calculate a(-12).
-100
Let y(i) = -3*i - 51. Determine y(3).
-60
Let u(b) = b**3 - 19*b**2 + 29*b + 87. What is u(17)?
2
Let a(l) = -l**3 - 4*l**2 + 15*l - 65. Give a(-7).
-23
Let t(n) = -270*n - 7298. Calculate t(-27).
-8
Let o(n) = -6*n - 71. Determine o(-12).
1
Let v(r) = -r**2 - 94*r + 381. Calculate v(4).
-11
Let o(l) = l**3 - 22*l**2 - 4*l - 54. Calculate o(22).
-142
Let s(l) = 105*l - 2840. Give s(27).
-5
Let q(r) = -4*r**2 + 342*r + 179. Determine q(86).
7
Let z(g) = 2*g**3 - 13*g**2 + 15*g + 5. What is z(4)?
-15
Let v(p) = 22*p**2 + 41*p + 41. Determine v(-1).
22
Let b(v) = -799*v + 7276. Calculate b(9).
85
Let i(o) = 3*o**3 + 22*o**2 + 86*o + 175. Determine i(-4).
-9
Let o(s) = 22*s**2 + 30*s + 60. Determine o(-2).
88
Let g(p) = -42*p + 81. Give g(-4).
249
Let q(j) = -j**3 + 8*j**2 + 22*j + 5. Give q(-2).
1
Let k(l) = -19*l**2 + 113*l + 221. What is k(-2)?
-81
Let m(x) = -261*x - 63418. What is m(-243)?
5
Let s(z) = -2*z**3 - 15*z**2 + 28*z + 13. What is s(-9)?
4
Let b(u) = -2*u**2 + 55*u + 450. What is b(34)?
8
Let x(d) = -227*d + 269. Give x(1).
42
Let i(l) = 2*l**3 + 81*l**2 - 44*l - 105. What is i(-41)?
18
Let s(r) = 14*r - 65. What is s(22)?
243
Let h(n) = 177*n + 1344. Give h(-10).
-426
Let f(d) = 69*d**3 + 3*d**2 + 2*d + 6. What is f(-2)?
-538
Let d(h) = 368*h + 1102. What is d(-3)?
-2
Let t(p) = 19*p**2 - 71*p + 70. What is t(1)?
18
Let v(c) = c**3 - c**2 + 10*c + 36. Calculate v(-4).
-84
Let r(c) = -86*c**2 - 8*c - 9. Determine r(-1).
-87
Let f(d) = -d**3 + 10*d**2 + 95*d - 481. Give f(4).
-5
Let a(t) = 11*t**2 + 591*t - 156. What is a(-54)?
6
Let l(w) = -16*w + 345. Determine l(32).
-167
Let d(a) = 84*a**3 + 3*a**2 + 3*a + 2. Calculate d(-1).
-82
Let b(u) = 2*u**2 - 21*u + 118. Determine b(9).
91
Let r(p) = -669*p - 4683. Determine r(-7).
0
Let p(c) = -201*c - 27957. Calculate p(-139).
-18
Let u(v) = v**3 + 73*v**2 - 7408*v + 261. Calculate u(-130).
1
Let q(k) = 5*k**3 - 93*k**2 - 153*k + 258. What is q(20)?
-2
Let a(b) = -3*b**2 + 25*b - 26. Calculate a(1).
-4
Let o(h) = 13*h**2 + 3636*h + 3636. Calculate o(-1).
13
Let h(n) = -166*n - 855. Calculate h(-5).
-25
Let d(c) = -20*c**2 - 417*c - 701. Determine d(-19).
2
Let y(k) = -3*k - 474. Calculate y(-142).
-48
Let l(b) = b**3 + 23*b**2 - 16*b - 848. Determine l(-22).
-12
Let j(n) = n**3 - 4*n**2 - 165*n + 802. Calculate j(5).
2
Let h(m) = m**2 + 572*m + 4492. Calculate h(-8).
-20
Let f(q) = -2*q**3 - 99*q**2 - 53*q - 131. Calculate f(-49).
65
Let r(j) = -12*j - 1203. Calculate r(17).
-1407
Let o(k) = -k**3 - 92*k**2 + 92*k - 196. What is o(-93)?
-103
Let o(c) = -4*c**2 - 13*c + 134. Calculate o(7).
-153
Let c(g) = 495*g + 1928. Determine c(-4).
-52
Let y(u) = -u**3 + 6*u**2 + 23*u - 69. Calculate y(6).
69
Let d(v) = -14*v - 373. Determine d(-28).
19
Let m(t) = -56*t**2 - 22*t + 48. Determine m(2).
-220
Let o(b) = -18*b - 254. Give o(-17).
52
Let y(x) = -1562*x - 21881. Determine y(-14).
-13
Let w(o) = -6*o**2 + 46*o - 360. Calculate w(7).
-332
Let o(s) = -321*s + 10635. Determine o(33).
42
Let b(s) = 12*s**2 + 627*s - 1246. Give b(2).
56
Let f(n) = -n**2 - 6*n - 10. Determine f(-3).
-1
Let p(x) = x**2 + 191*x - 1872. What is p(10)?
138
Let o(y) = 14*y - 234. Determine o(13).
-52
Let o(s) = -809*s - 6492. What is o(-8)?
-20
Let j(m) = 3*m**3 - 27*m - 12. Calculate j(-4).
-96
Let p(j) = -2*j**2 + 221*j - 324. Calculate p(109).
3
Let c(u) = -681*u - 671. What is c(-1)?
10
Let t(n) = 262*n + 1892. Determine t(-6).
320
Let o(n) = 7*n**3 - 59*n**2 + 12*n + 102. Give o(8).
6
Let z(h) = 8*h**2 + 195*h - 17. Calculate z(-23).
-270
Let r(v) = v**3 + 39*v**2 - 12*v - 4301. Calculate r(-36).
19
Let q(o) = -213*o + 5029. Determine q(22).
343
Let w(q) = -q**2 + 55*q - 408. Give w(47).
-32
Let m(v) = -2*v**2 + 89*v - 358. What is m(40)?
2
Let w(o) = -14*o**3 - o**2 + o + 2. Calculate w(-2).
108
Let k(r) = 4*r**3 + 28*